 + 12*a - 11. Suppose -2 = v - 12. Let r be c(v). Suppose -7*d - 10 = -r*d. What are the prime factors of d?
5
Let w be (6/18)/(1/489). Let j = -116 + w. What are the prime factors of j?
47
Let r(m) = 122*m**3 + 5*m - 3. List the prime factors of r(2).
983
Let x = 3215 - 2079. List the prime factors of x.
2, 71
Suppose 34 = 4*f + 3*d + 11, -3*d + 13 = -f. Let r be (-13)/f*42/(-3). Suppose -2*a + 5*a + 3*w - 99 = 0, 0 = 2*a - 3*w - r. What are the prime factors of a?
2, 19
Let s(z) = 2*z**2 + 11*z + 8. Suppose 0 = x + x - 20. Let y = -18 + x. List the prime factors of s(y).
2, 3
Suppose -3252 = -5*w + 6158. What are the prime factors of w?
2, 941
Let l(f) be the third derivative of 71*f**5/60 - f**4/24 - f**3/3 - 7*f**2. What are the prime factors of l(-1)?
2, 5, 7
List the prime factors of (-4580)/(-25)*-2*(-30)/24.
2, 229
Suppose 10*q = 5*q + 25. Suppose 3*r - 141 = -3*g, -3*g - g = q*r - 236. Let z = -23 + r. List the prime factors of z.
5
Let d(i) be the first derivative of 7*i**2 + 252*i + 27. What are the prime factors of d(0)?
2, 3, 7
Let c(m) = -m - 6. Let u be c(-10). Suppose 2*i + 3*a - 167 = u*a, i + a = 91. List the prime factors of i.
2, 43
Let q = -105 - -1063. List the prime factors of q.
2, 479
What are the prime factors of 191 - (-9 + -3 + 7)?
2, 7
Let g(c) = c**3 - 5*c**2 + 7*c + 3. Let h be g(6). Suppose -q = 2*q - h. Suppose f + 12 = 3*f + 4*s, -4*f - 5*s = -q. What are the prime factors of f?
2
Let d = -4 - -86. Suppose -n = -3*v + 197, -3*v = 2*n + d - 273. What are the prime factors of v?
5, 13
Let l = 7 - 4. Let i = -47 - -106. Suppose -6*f = 2*t - l*f - 48, 0 = -3*t + 2*f + i. What are the prime factors of t?
3, 7
Let h(r) = 43*r - 70. List the prime factors of h(9).
317
Suppose 4*i = -952 + 120. Let u = 354 + i. What are the prime factors of u?
2, 73
Let d = -19 + 37. Let c = 25 - d. List the prime factors of c.
7
Let c = -36 - -32. List the prime factors of c/(-36) - (-664)/18.
37
Let i(f) = 4*f**2 + 2*f - 2. Let o be i(-3). Suppose -o = 2*c - c. Let r = 62 + c. What are the prime factors of r?
2, 17
What are the prime factors of (-3)/(-12) - 8073/(-12)?
673
Suppose 4*a = 3*z + 7, 9*z = 7*z + 2*a - 2. Let t(h) be the second derivative of -h**5/20 + h**4/2 + h**3/2 + h**2 + h. What are the prime factors of t(z)?
2, 19
What are the prime factors of 3*(-8)/(-12) + 8 + 64?
2, 37
Let m be ((-231)/(-12))/(9/(-36)). List the prime factors of (36 - 0)*m/(-44).
3, 7
Let j be (-125)/20 + (-3)/(-12). Let w be (-8)/3*(-45)/j. Let x = -7 - w. List the prime factors of x.
13
Suppose 0 = -9*p + 13*p. Suppose p = 2*y - 0 + 36. List the prime factors of (-12)/y - 19/(-3).
7
Let a be (-9)/3 + -175 + 4. Let i = a - -297. List the prime factors of i.
3, 41
Suppose 6*x = 2*x + 28. Suppose 5*f + 13 = -x. What are the prime factors of 45 + 1*(1 + f)?
2, 3, 7
Suppose -13 = 5*o + 2. What are the prime factors of (-36)/((o + -7)/5)?
2, 3
Let m be 700/80 - (-6)/(-8). Suppose 0 = m*l - 33 - 55. What are the prime factors of l/3*(4 + -1)?
11
Let n be 10/15*15/2. Suppose -4 = 2*i - 5*q, -n*q = -3*i - 8 - 3. Let f = 14 - i. What are the prime factors of f?
3, 7
Suppose -c - 5*r + 1096 = 0, -10 + 13 = -r. What are the prime factors of c?
11, 101
Let i(x) be the first derivative of -7*x**2/2 + 4*x + 20. List the prime factors of i(-13).
5, 19
Let d(u) be the second derivative of u**5/20 - 5*u**4/12 - 5*u**2/2 - 21*u. What are the prime factors of d(6)?
31
Let f = -454 + 655. Let x = 428 - f. What are the prime factors of x?
227
Suppose 4*w - 257 = -5*s, -w - 5*s = -79 + 26. Let v = 184 - w. What are the prime factors of v?
2, 29
Let s(v) = 2*v**2 - 27*v + 15. Let z be s(13). Let p(o) = 8*o**2 - 5*o + 9. List the prime factors of p(z).
31
Suppose -3*w = -135 + 27. What are the prime factors of 120/w*6/1?
2, 5
Suppose -c + 2*g + 2414 = 0, -c + 2422 = 2*g - 0*g. List the prime factors of c.
2, 3, 13, 31
Let s(i) be the second derivative of -i**5/20 - i**4/12 + 32*i**2 - 4*i. List the prime factors of s(0).
2
Let g(z) = 0 + 3 - 5*z + 8*z**2 - 9*z**2. Let m be g(-5). Suppose -m*c = -70 - 44. List the prime factors of c.
2, 19
List the prime factors of 4/42 + (-248216)/(-483).
2, 257
Let z = 10 - 14. Suppose -436 + 16 = -35*p. List the prime factors of p/z + 62 + -1.
2, 29
Let h(y) = 27*y**2 - y - 29. List the prime factors of h(-4).
11, 37
Let u = 1 - 0. Suppose 3*o - u = 32. Suppose -56 = 7*z - o*z. What are the prime factors of z?
2, 7
Suppose -l + 66 = -3*k - 10, 4*l - 70 = 3*k. Let f = 23 - 59. Let z = k - f. List the prime factors of z.
2, 5
Let w(n) = -n**3 - 6*n**2 + 21*n + 2. Let o be w(-11). Let v = -215 + o. What are the prime factors of v?
7, 23
List the prime factors of (52/65)/(3/9225).
2, 3, 5, 41
Let j(w) = -w**3 + 2*w + 1. Let i be j(-2). Suppose -4*z - i + 121 = 0. Let y = 49 - z. What are the prime factors of y?
2, 5
Let u = 879 + 859. What are the prime factors of u?
2, 11, 79
What are the prime factors of (-6)/(-6)*-3 + 444?
3, 7
Let t = -13 - -1437. What are the prime factors of t?
2, 89
Let b(f) = -f**2 - 17*f - 10. Let d = -33 + 20. Let r be b(d). Suppose -w + r = -11. List the prime factors of w.
53
List the prime factors of -9 + 9854/14 + (-1)/(-7).
5, 139
Let n be (-6 + 4)*20*1. Let a be n/(-6) - 2/(-6). Suppose 3*b - a*b = -80. What are the prime factors of b?
2, 5
Let u = 30 + -16. Let v = -10 + u. Suppose 73 = v*l - 43. List the prime factors of l.
29
Let z(s) = -s**3 + 2*s + 1. Let b be z(2). What are the prime factors of b + (52 - -2*6/(-4))?
2, 23
Suppose -6250 - 3002 = -12*n. List the prime factors of n.
3, 257
Let b = 5487 + -2661. List the prime factors of b.
2, 3, 157
Suppose -4*m - 5*g + 3 = 0, -m + 4*g - 2*g = -17. Suppose -1 = 2*x - m. What are the prime factors of x?
3
Suppose -5*c = -4*h - 15, 5*h - 3*c + 6 = -3. Suppose h = 9*x - 14*x + 10. Suppose x*m = -2*v - 2*m + 38, 2*m + 31 = v. List the prime factors of v.
5
Suppose 5*h + 12 = 3*h. Let n(y) = y**3 + 7*y**2 + 6*y + 4. Let z be n(h). Suppose -2*v + 7*v + z*j - 123 = 0, 0 = 4*j - 8. List the prime factors of v.
23
Let z(t) = t**2 + 2*t - 275. List the prime factors of z(-36).
13, 73
Let p be ((-70)/(-42))/((-2)/(-6)). Suppose p*x - 267 = 8*x. Let l = 132 + x. List the prime factors of l.
43
Let h be 3/4 + 621/(-12). Let j be h + 0*(-3)/12. List the prime factors of 5/(-2 + -3) - j.
2, 5
Suppose -2*w + 5*p + 3599 = 0, -8*w + 4*w = 4*p - 7268. List the prime factors of w.
2, 3, 151
Suppose -5*r + 2*o = -2881, -35 = -r - 2*o + 534. Suppose -6*i = -i - r. List the prime factors of i.
5, 23
Let v be 4 + 3/(6/8). Suppose 0 = -v*k + 254 + 290. What are the prime factors of k?
2, 17
Let y = 25 + -12. Let k = 15 - y. Suppose 2*v = -0*v + q + 39, -4*v - k*q + 98 = 0. What are the prime factors of v?
2, 11
Let j(v) = v**3 - 6*v**2 + v - 6. Let f be j(6). Suppose 4*p - 5*h = 17, f*p = 4*p + 3*h - 9. Suppose -p*q = 2*q - 105. What are the prime factors of q?
3, 7
Let d = -386 - -620. Suppose 0 = -2*k + 4*k - d. List the prime factors of (2/(-6))/((-1)/k).
3, 13
Let p(z) = -10*z + 3. Suppose 2*o = o + 3*r + 6, 18 = -o - 3*r. List the prime factors of p(o).
3, 7
Let o = 23 + -12. What are the prime factors of 46/253 + 636/o?
2, 29
Let h(b) = 13*b**2 + 9*b - 2. Let n(d) = 12*d**2 + 8*d - 3. Let v(u) = -6*h(u) + 7*n(u). List the prime factors of v(-7).
271
Suppose -3*a = 2*a - 10. Let c = 2 + a. Let i(k) = 4*k. What are the prime factors of i(c)?
2
Let u(r) = 19*r**2 - r - 2. Let k be u(-1). Suppose w - k + 14 = 0. Suppose 2*o + o + 5*f - 181 = 0, -w*o = -f - 226. What are the prime factors of o?
3, 19
Suppose 25 = 2*a - 3. Suppose 11 = -3*d + a. List the prime factors of (2 - d) + (37 - -4).
2, 3, 7
Let d be (-2 + -10)/(2/(-1)). List the prime factors of (3/d)/(1/98).
7
Let f(c) = -86*c + 76. What are the prime factors of f(-4)?
2, 3, 5, 7
Let h(w) = 78*w - 52. List the prime factors of h(13).
2, 13, 37
Let o(z) = z**3 + 12*z**2 - 9*z - 18. List the prime factors of o(-9).
2, 3, 17
Let l = 8 - 3. Let i be 1*(1 + (21 - 6)). Suppose 3*z = -2*h, -l*z - 6 = 5*h - i. What are the prime factors of h?
2, 3
Let m = 6353 + -4146. List the prime factors of m.
2207
Let j(a) = 626*a**3 + 2*a**2 - 4*a + 2. List the prime factors of j(1).
2, 313
Let i(g) = 9*g - 11. Let w be i(4). Sup